ed by 2?
1
Suppose 0 = -w - 3*w + 28. Suppose 46 = 4*q - 2*u, 0 = -w*q + 2*q - 2*u + 71. What is the remainder when 25 is divided by q?
12
Let l = 27 - 17. What is the remainder when l is divided by 4?
2
Calculate the remainder when 31 is divided by 8 + ((-3)/3 - -4).
9
Suppose 0*p - 2*p + 14 = 0. Let w = -474 - -299. What is the remainder when (8/5)/((-14)/w) is divided by p?
6
Let n(a) = -4*a + 40. Calculate the remainder when 4 is divided by n(9).
0
Suppose 0 = -2*y + 31 + 11. Calculate the remainder when 37 + 20/5 + -2 is divided by y.
18
Let x(h) = -2*h**2 + 27*h - 2. Calculate the remainder when 53 is divided by x(13).
9
Let j = -229 + 236. Suppose -p = 3*p + 88. What is the remainder when 3*p*1/(-6) is divided by j?
4
Let z be 4/(-10) - (-36)/15. Suppose 4*t - 2*t - 31 = q, 43 = z*t - 5*q. What is the remainder when 40 is divided by t?
12
Suppose -5*w + w + 52 = 0. Calculate the remainder when 351/15 - (-42)/70 is divided by w.
11
Let i = 27 - 20. What is the remainder when 13 is divided by i?
6
Suppose 43*p = 46*p - 36. What is the remainder when 90 is divided by p?
6
Suppose 0 = 4*i - 25 - 39. What is the remainder when i is divided by 6?
4
Calculate the remainder when 36 is divided by (-9 - 41)*(-4)/10.
16
Suppose -16 = -6*t + 2*t. Let b(o) = o + 5. Calculate the remainder when b(t) is divided by 5.
4
Suppose -6*z + 2*z = -8. Suppose -4*n + 2*w = -z*w - 192, 0 = 2*n - 5*w - 105. Calculate the remainder when n is divided by 24.
21
Let t(q) = -6*q**2 - 6*q + 6. Let y = 8 + -13. Let f be t(y). Calculate the remainder when 1/(((-3)/f)/1) is divided by 13.
12
Let m(r) = -r**2 - 10*r - 3. Suppose 0*k - 20 = -2*k. Calculate the remainder when m(-7) is divided by k.
8
Let w = -54 - 12. Suppose -4*d - o = -44 + 209, -4*o - 60 = d. Let b = d - w. What is the remainder when b is divided by 9?
8
Calculate the remainder when 38 is divided by (-10 - 10)/(-2 + 0).
8
Let x(r) = 2*r + 10. Suppose 3*f - 70 = -4*b, -5*b - f + 5 + 77 = 0. Suppose t + 15 = 2*t. What is the remainder when x(b) is divided by t?
12
Let i(t) = t + 32. What is the remainder when i(-6) is divided by 10?
6
Suppose i + y = 2*y + 1, 0 = 5*i + 2*y + 2. Let h(v) = i*v**3 - 5*v**3 - 4*v - 4*v**2 + 2*v. What is the remainder when h(-2) is divided by 15?
13
Suppose -5*r + 117 + 83 = 0. Suppose 5*q - 15 = -0. Suppose 4*n - 55 - 14 = 3*o, 68 = q*n + o. What is the remainder when r is divided by n?
19
Let a = 102 + -57. Suppose -k - a = -6*k. Suppose 2*s - 39 - 13 = 0. What is the remainder when s is divided by k?
8
What is the remainder when 34*((-6)/4 + 2) is divided by (-87)/(-9) + 4/(-6)?
8
Suppose 2*f - 2 + 10 = -2*a, 0 = a - 5*f - 20. Suppose -2*q - 5*y + 109 = a, 5*q + 2*y = 3*q + 118. What is the remainder when q is divided by 16?
14
Suppose 4*t - 13 = 3. Suppose -2*h = t*j - 2*j - 8, 0 = 5*j - h - 38. Let y = -20 - -38. Calculate the remainder when y is divided by j.
4
Let y = -5 + 8. Suppose 0 = -c + 8 - y. Calculate the remainder when c is divided by 2.
1
Suppose -4*q - 4*v + 6 = -2, q - 27 = 4*v. Suppose 2 = l - 10. Calculate the remainder when l is divided by q.
5
Let u = -6 - -9. Suppose -5*l + 25 = -0. Suppose l*h + 4*n - n = 35, h - 2*n = -6. Calculate the remainder when h is divided by u.
1
Let f(h) = h**3 - 23*h**2 - 13*h - 9. Let a be f(16). What is the remainder when ((-8)/(-14))/((-14)/a) is divided by 21?
19
Let t(v) = -24*v + 1. Calculate the remainder when t(-1) is divided by 1/(-1) + 10/1.
7
Suppose 2*q - 608 = 6*k - 11*k, 4*k + 2*q = 486. Calculate the remainder when k is divided by 31.
29
Let p(m) = -m + 36. Suppose -3*u + 48 = u. What is the remainder when p(-10) is divided by u?
10
What is the remainder when 134 is divided by 0 - (-182)/12 - 2/12?
14
Let h = 12 + -5. Calculate the remainder when h is divided by 1 - 10/(-3) - 12/(-18).
2
Let i = 0 + 25. Calculate the remainder when 113 is divided by i.
13
Calculate the remainder when (-2574)/(-44)*4/6 is divided by 2/(-3)*(-13 - 2).
9
Let t = 6 + 34. Suppose -3*j - 4*s + 38 = 0, 5*j - 25 = -5*s + t. What is the remainder when 55 is divided by j?
13
Suppose 0 = 5*z - 49 - 26. Suppose -13*v - 130 = -z*v. What is the remainder when v is divided by 17?
14
Suppose 0 = -4*s + 3*l + 102, -l - 24 = -3*s + 50. Let n be 5/(-2*(-1)/(-4)). Let q = n + s. Calculate the remainder when 27 is divided by q.
13
Suppose -3*d = d - 352. What is the remainder when d is divided by 30?
28
Suppose s - z - 10 = z, 0 = -3*s - z + 44. Calculate the remainder when 52 is divided by s.
10
Suppose -3*z + 2*m = -3*m - 134, -3*z - 4*m = -152. Calculate the remainder when z is divided by 18.
12
Suppose -31 = -0*c - c - 3*x, -104 = -4*c - 2*x. What is the remainder when 47 is divided by c?
22
Suppose 3*i = -4*i + 105. Calculate the remainder when i is divided by 4.
3
Suppose 0 = 19*v - 16*v - 258. What is the remainder when v is divided by 48?
38
Suppose 0 = -d + w + 50, 3*d - 2*w + 1 - 146 = 0. Calculate the remainder when d is divided by (-836)/(-36) - 4/18.
22
Let o(p) = 23*p**3 - p**2. Calculate the remainder when o(1) is divided by 6.
4
What is the remainder when 18 is divided by (-3)/(6/(-8)) - 0?
2
Let x(w) = w**2 - 7*w + 2. What is the remainder when 39 is divided by x(8)?
9
Suppose -m + 2*m = -3*k + 10, -2*k - 4 = -2*m. Calculate the remainder when 34/2 - (-2 - -2) is divided by m.
1
Suppose -20 = -3*l + 2*d, 2*d + 2*d = 3*l - 16. Calculate the remainder when 37 is divided by l.
5
Let a = 338 - 226. Calculate the remainder when a is divided by 29.
25
Let y(u) be the first derivative of u**4/4 - 5*u**3/3 + 5*u**2/2 + u - 1. What is the remainder when 13 is divided by y(4)?
3
Let t(d) = 2*d + 1. What is the remainder when (-3)/18*2*-75 is divided by t(6)?
12
Calculate the remainder when 10 - (-2 - 15/(-3)) is divided by 2.
1
Let u(b) = -b**2 - 9*b. Suppose -h = 5*j + 8, 2*h - 16 = 4*h + 4*j. What is the remainder when 15 is divided by u(h)?
7
Let o = 25 - 7. Calculate the remainder when o is divided by 8.
2
Let s(o) be the first derivative of o**3/3 - 5*o**2/2 + 5*o - 1. Let b be ((-11)/2 - -5)/(2/(-24)). What is the remainder when 21 is divided by s(b)?
10
Let j(y) = 2*y. Suppose -5*l = 2*w + 7, 4*l = -0*w - 4*w + 4. Calculate the remainder when 22 is divided by j(w).
6
Suppose 0 = -r + 2*r, -5*f - r = -85. Suppose 0*v = -2*q - 3*v + 18, -4*v = 0. Calculate the remainder when f is divided by q.
8
Let a = -155 - -290. Suppose -b - a = -6*b. Calculate the remainder when b is divided by 15.
12
Let p(s) = -3*s + 4. Let r be 2 + 1 + (-2)/2. Let t be (-65)/9 - r/(-9). What is the remainder when p(t) is divided by 13?
12
Let u(r) = -20*r**2 + r. Let h be u(-1). Let i be 6/h + (-164)/14. Calculate the remainder when 4 is divided by 1 + -2 + i/(-3).
1
Let u = -18 - -43. What is the remainder when 73 is divided by u?
23
Let g(y) = -15*y - 3. Let r be g(-3). Let j = -30 + r. Suppose 21 = 3*z - j. What is the remainder when 32 is divided by z?
10
Let u = -48 + 71. Let s = 15 - 26. Let p = s + u. Calculate the remainder when 22 is divided by p.
10
Suppose -4*s + 2*s = 3*i - 30, -4*s = -4*i + 20. What is the remainder when -2 - -23*(1 - 0) is divided by i?
5
Suppose -4*f + 52 = -0*f. What is the remainder when (22/(-6) - (-2)/3) + 27 is divided by f?
11
Suppose 0 = 2*b - 3*n - 25, 2*b + 5*n + 1 = 2. Let m = b - 6. Suppose -m*h = -4*h + 12. What is the remainder when 17 is divided by h?
5
Let g(v) = -8*v - 3 - 8*v**2 - 3*v**3 + 0*v + 2*v**3. What is the remainder when 6 is divided by g(-7)?
2
Suppose -3*c = 9*c - 72. What is the remainder when 27 is divided by c?
3
Let c = -27 + 43. Suppose c = n - 6. What is the remainder when n is divided by 8?
6
Let j = 38 + 88. What is the remainder when j is divided by 32?
30
Suppose -2*d = -4*u - 354, -5*u - 25 = 4*d - 668. Calculate the remainder when d is divided by 42.
41
Suppose -d - 4*y = -27, 0*d + 3*y = -3*d + 81. Suppose -u + 3 = 0, 0*u + 2*u = 4*g - 22. What is the remainder when d is divided by g?
6
Let m(k) = k**3 - 8*k**2 + k + 2. Let w(u) be the second derivative of -u**3/2 + 2*u**2 - 2*u. What is the remainder when w(-5) is divided by m(8)?
9
Let i(t) = -3*t - 5. Let x(g) = g. Let n(j) = i(j) - 2*x(j). Let l be n(-5). Suppose 3*s - 68 = -l. What is the remainder when s is divided by 9?
7
Suppo